 17, 37
What are the prime factors of 44479128?
2, 3, 229, 8093
What are the prime factors of 156040?
2, 5, 47, 83
What are the prime factors of 899461?
23, 39107
What are the prime factors of 911907?
3, 101323
What are the prime factors of 180265?
5, 31, 1163
What are the prime factors of 6891461?
6891461
What are the prime factors of 178249?
178249
What are the prime factors of 466248?
2, 3, 19427
What are the prime factors of 1769086?
2, 11, 97, 829
What are the prime factors of 4346037?
3, 643, 751
List the prime factors of 9190008.
2, 3, 109, 1171
List the prime factors of 13666275.
3, 5, 7, 8677
List the prime factors of 83353.
19, 41, 107
What are the prime factors of 15057087?
3, 17, 295237
What are the prime factors of 27882252?
2, 3, 431, 599
What are the prime factors of 4234922?
2, 2117461
What are the prime factors of 6247389?
3, 2082463
What are the prime factors of 6068207?
157, 38651
List the prime factors of 23962602.
2, 3, 797, 5011
What are the prime factors of 5015975?
5, 200639
What are the prime factors of 6289358?
2, 593, 5303
List the prime factors of 54843.
3, 101, 181
What are the prime factors of 17539634?
2, 7, 113, 11087
List the prime factors of 1525366.
2, 61, 12503
What are the prime factors of 389565?
3, 5, 11, 787
List the prime factors of 159502.
2, 7, 11393
List the prime factors of 5610608.
2, 350663
List the prime factors of 111059.
13, 8543
What are the prime factors of 452851?
7, 64693
List the prime factors of 5837225.
5, 233489
What are the prime factors of 7681596?
2, 3, 13, 41, 1201
List the prime factors of 38487.
3, 12829
List the prime factors of 5239003.
7, 11, 19, 3581
What are the prime factors of 1279099?
19, 23, 2927
What are the prime factors of 29094470?
2, 5, 2909447
What are the prime factors of 38368?
2, 11, 109
List the prime factors of 227363.
227363
List the prime factors of 2191181.
17, 61, 2113
List the prime factors of 209818.
2, 7, 2141
List the prime factors of 26687839.
26687839
What are the prime factors of 5994060?
2, 3, 5, 99901
List the prime factors of 9492309.
3, 29, 449
List the prime factors of 14829754.
2, 43, 172439
List the prime factors of 3306102.
2, 3, 551017
List the prime factors of 4909317.
3, 7, 233777
What are the prime factors of 2105761?
7, 300823
List the prime factors of 3706763.
31, 109, 1097
List the prime factors of 28400735.
5, 11, 516377
What are the prime factors of 3868007?
11, 13, 2459
List the prime factors of 4566063.
3, 1522021
What are the prime factors of 6469736?
2, 7, 13, 8887
List the prime factors of 4522309.
11, 411119
What are the prime factors of 1889280?
2, 3, 5, 41
List the prime factors of 1188704.
2, 11, 307
What are the prime factors of 571574?
2, 17, 16811
What are the prime factors of 142876?
2, 23, 1553
List the prime factors of 81000.
2, 3, 5
List the prime factors of 7326.
2, 3, 11, 37
What are the prime factors of 3071879?
3071879
What are the prime factors of 30727040?
2, 5, 41, 1171
What are the prime factors of 251828?
2, 157, 401
List the prime factors of 3187125.
3, 5, 2833
What are the prime factors of 3238746?
2, 3, 7, 59, 1307
What are the prime factors of 3776148?
2, 3, 29, 3617
What are the prime factors of 174649?
174649
List the prime factors of 314694.
2, 3, 17483
List the prime factors of 437655.
3, 5, 163, 179
List the prime factors of 986213.
986213
List the prime factors of 686642.
2, 11, 23, 59
What are the prime factors of 472837?
472837
List the prime factors of 388026.
2, 3, 21557
List the prime factors of 6884118.
2, 3, 19, 20129
What are the prime factors of 7941004?
2, 967, 2053
List the prime factors of 1079116.
2, 269779
List the prime factors of 1008405.
3, 5, 22409
List the prime factors of 187954.
2, 13, 7229
List the prime factors of 2140859.
7, 43691
List the prime factors of 3087507.
3, 31, 33199
List the prime factors of 1380371.
29, 47599
List the prime factors of 10648251.
3, 739, 1601
List the prime factors of 865298.
2, 7, 19, 3253
List the prime factors of 96505.
5, 19301
What are the prime factors of 356450?
2, 5, 7129
List the prime factors of 736678.
2, 17, 47, 461
List the prime factors of 315486.
2, 3, 17, 1031
List the prime factors of 1927281.
3, 642427
List the prime factors of 5373718.
2, 7, 383837
List the prime factors of 1775689.
1775689
List the prime factors of 1820467.
11, 167, 991
List the prime factors of 83422.
2, 53, 787
List the prime factors of 33941749.
43, 789343
What are the prime factors of 5941005?
3, 5, 7, 59, 137
What are the prime factors of 1625945?
5, 325189
What are the prime factors of 2408928?
2, 3, 23, 1091
List the prime factors of 1722787.
11, 19, 8243
List the prime factors of 5668913.
61, 199, 467
List the prime factors of 1239253.
193, 6421
List the prime factors of 1395187.
1395187
List the prime factors of 282196.
2, 70549
List the prime factors of 2649381.
3, 7, 67, 269
What are the prime factors of 34354083?
3, 1093, 10477
What are the prime factors of 412325?
5, 16493
List the prime factors of 573528.
2, 3, 23, 1039
List the prime factors of 1107988.
2, 7, 5653
List the prime factors of 157721.
157721
List the prime factors of 1055385.
3, 5, 47, 499
What are the prime factors of 19001117?
199, 95483
List the prime factors of 181989.
3, 73, 277
What are the prime factors of 13792764?
2, 3, 157, 7321
What are the prime factors of 422757?
3, 107, 439
What are the prime factors of 156546?
2, 3, 13, 223
List the prime factors of 3637042.
2, 1818521
List the prime factors of 9163338.
2, 3, 23, 2887
What are the prime factors of 9234824?
2, 1154353
List the prime factors of 1261770.
2, 3, 5, 137, 307
What are the prime factors of 1935049?
1935049
What are the prime factors of 710102?
2, 23, 43, 359
What are the prime factors of 4635882?
2, 3, 29, 83, 107
List the prime factors of 257924.
2, 17, 3793
List the prime factors of 559200.
2, 3, 5, 233
What are the prime factors of 2074427?
31, 61, 1097
What are the prime factors of 121845?
3, 5, 8123
What are the prime factors of 8329?
8329
What are the prime factors of 11263662?
2, 3, 79, 89
What are the prime factors of 3374062?
2, 71, 23761
List the prime factors of 105018.
2, 3, 23, 761
List the prime factors of 210465.
3, 5, 1559
List the prime factors of 16020101.
1093, 14657
What are the prime factors of 107921?
11, 9811
What are the prime factors of 4386220?
2, 5, 219311
List the prime factors of 1226145.
3, 5, 43, 1901
What are the prime factors of 470144?
2, 3673
List the prime factors of 1979961.
3, 163, 4049
List the prime factors of 1236132.
2, 3, 34337
List the prime factors of 1775257.
11, 161387
What are the prime factors of 651126?
2, 3, 7, 37, 419
What are the prime factors of 194220?
2, 3, 5, 13, 83
List the prime factors of 1493617.
1493617
List the prime factors of 1818111.
3, 606037
List the prime factors of 1363473.
3, 31, 181
List the prime factors of 818186.
2, 577, 709
List the prime factors of 11512375.
5, 7, 59, 223
What are the prime factors of 3360143?
29, 109, 1063
List the prime factors of 29728.
2, 929
What are the prime factors of 2489815?
5, 497963
What are the prime factors of 210312?
2, 3, 23, 127
List the prime factors of 620665.
5, 124133
What are the prime factors of 193784?
2, 24223
What are the prime factors of 1086645?
3, 5, 7, 79, 131
What are the prime factors of 7378307?
7378307
List the prime factors of 1337013.
3, 23, 2153
What are the prime factors of 253131?
3, 84377
What are the prime factors of 113861?
11, 941
List the prime factors of 3140064.
2, 3, 10903
List the prime factors of 120064.
2, 7, 67
List the prime factors of 181917.
3, 17, 29, 41
List the prime factors of 760846.
2, 380423
List the prime factors of 20718505.
5, 157, 26393
What are the prime factors of 23294709?
3, 17, 5639
What are the prime factors of 2159374?
2, 7, 17, 43, 211
List the prime factors of 2935019.
2935019
List the prime factors of 2011026.
2, 3, 335171
What are the prime factors of 162703?
162703
List the prime factors of 1052554.
2, 43, 12239
List the prime factors of 1253407.
43, 103, 283
List the prime factors of 4723727.
4723727
What are the prime factors of 63586?
2, 31793
List the prime factors of 1340934.
2, 3, 7, 4561
What are the prime factors of 3973746?
2, 3,